 5/(-4)). Let j = s + l. What are the prime factors of j?
2, 41
Suppose 0 = 301*i - 59*i - 606694. What are the prime factors of i?
23, 109
Let q(n) = 4*n**3 - 7*n**2 - 3*n + 3. Let p be q(5). Suppose -p = -7*f + 667. List the prime factors of f.
2, 5, 7
Suppose -2*r - r + 18 = 2*t, -9 = -3*r + t. Suppose -2 = -p + a + r, 0 = -4*p - 2*a. List the prime factors of (142/3)/(p/9) - 2.
211
Suppose 33*y + 30 = 43*y. Suppose 8*q = 7*q - 5*n + 535, n + y = 0. List the prime factors of q.
2, 5, 11
Suppose 5*w = 7570 + 730. Suppose w = 23*o - 3*o. List the prime factors of o.
83
Let h = -183 - -183. Suppose 3*y + 5*s - 533 = h, -2*y - 3*s + 883 = 3*y. What are the prime factors of y?
2, 11
Let j(y) = 190*y - 8 - 97*y - 95*y. Suppose 2*g + 80 = -3*g + f, -4*g - f = 55. List the prime factors of j(g).
2, 11
Let o = 51220 + -33236. What are the prime factors of o?
2, 281
Let n(t) = -3*t - 21. Let b be n(-17). Let w be 866*12/b - (-3)/5. Suppose -5*x = -5*o - 565, -x - 2*x - o = -w. List the prime factors of x.
5, 23
Suppose -4*k + 4*g + 16 = 0, -4*k - 20 = -0*k + 5*g. Suppose 7*a - 5*a + 2 = k. What are the prime factors of 6/10*a/(1/(-155))?
3, 31
Let f be ((-53)/2)/(2/(-4)). Suppose -2*p = -6, 2*z - 3*p - 2 = 27. Let b = f - z. What are the prime factors of b?
2, 17
Let f(a) be the first derivative of a**3 - 19*a**2/2 + 10*a - 17. Let h be f(9). Let c = 115 - h. What are the prime factors of c?
3, 11
Suppose 9*h - 5*j + 1 = 7*h, -2*j = 5*h - 12. Let f = 1016 - h. List the prime factors of f.
2, 3, 13
Let z be 3*(-10744)/(-48)*(-1 + 3). Suppose -2*c = -5*x - 679, 5*x = -7*c + 11*c - z. What are the prime factors of c?
2, 83
Let z = 10946 + -7131. What are the prime factors of z?
5, 7, 109
Suppose 2*u = f - 15, -2*u + u - 45 = -3*f. Let m be 72 - (-3)/(f/(-25)). Let k = m + 157. List the prime factors of k.
2, 7
Let x = 45 + -42. Let h(k) = -50*k + 39. Let l be h(-7). Suppose x*y - 261 = y + o, 3*y - l = -o. What are the prime factors of y?
2, 5, 13
Let n(l) = -3*l + 31. Let j be n(16). Let r = j + -4. List the prime factors of 6/(-21) + 0 - 447/r.
3, 7
Let x(c) = -1443*c - 2622. List the prime factors of x(-4).
2, 3, 5, 7
List the prime factors of (50/40*-8 + -17)/((-2)/506).
3, 11, 23
Let f = 17304 - 15037. List the prime factors of f.
2267
Suppose -z + 18 = 4*r, 3*r = -5*z + 4*r + 6. Let c(m) = -14*m - 1 - z - 10 + 6*m. What are the prime factors of c(-5)?
3
Suppose 63 - 245 = -2*j. Let g = 91 - j. List the prime factors of 148 + g + (9 + -4 - 6).
3, 7
List the prime factors of (803/22)/((15/(-1434))/(-5)).
73, 239
Let a(u) = 4*u**2 + 2*u + 12. Let m be a(4). Let q be 6/14 + 5394/m*-2. Let n = q - -278. What are the prime factors of n?
2, 3, 5
Let c = -11240 - -22167. List the prime factors of c.
7, 223
Let z(h) = 3*h**2 - 15*h + 41. Let r be (-1 + (-15)/(-2))*2. List the prime factors of z(r).
353
Let z(y) = 2*y**3 - 9*y**2 + 8*y + 3. Suppose -3*m + 40 = m + 4*l, 4*m - 44 = -2*l. Suppose -1 = 3*x + 3*p - 31, m = 3*p. What are the prime factors of z(x)?
3, 53
Let w = -5058 - -8332. What are the prime factors of w?
2, 1637
Suppose -3*j + 7392 = c, -12303 = -5*j - 4*c + 8*c. Let s = -1733 + j. What are the prime factors of s?
2, 5, 73
Let b(j) = j + 300. Let k(a) = -7*a + 147. Let h be k(21). What are the prime factors of b(h)?
2, 3, 5
Suppose 3*r + 200*i - 197*i = 81801, 54540 = 2*r - i. List the prime factors of r.
11, 37, 67
Let j be (-7)/(7/(-1)) + 4 + -2. Suppose -2*y - 39 = -j*k, 1 - 4 = -k + 4*y. Suppose -k*b + 37 = -143. What are the prime factors of b?
2, 3
Let g(w) = -3*w**2 - 22*w - 2. Let l be g(-8). Let m be (-4)/l + (2 - (-50)/18). Suppose m*k - 1338 = -k. What are the prime factors of k?
223
Suppose 0 = -v - 4*v + 15. Suppose 15*q - 17*q - 2*u = -6, -q + 3 = -u. Suppose 3*n - 4*n - 167 = -v*j, j - 45 = q*n. What are the prime factors of j?
3, 19
Suppose -i = 4*d - 11, 55 = 4*i + i + 4*d. Let q(r) = -4*r - 3*r - i*r + 31 + 10*r. What are the prime factors of q(-10)?
3, 37
Let t(z) = 423*z**2 - 6*z + 6. Let n be t(1). Suppose 5*v - 1089 = -3*k, -v = -3*v + 3*k + n. List the prime factors of v.
2, 3
Let c(k) = -6*k - 32. Let r be c(-7). Suppose -w - r = -3*w. Suppose 2*j + 8 = 2*q, w*q - 4*q = 5*j + 12. List the prime factors of q.
2
What are the prime factors of (2714496/(-768))/((1/(-2))/1)?
7069
Suppose -49 = -4*x - 3*q, x = -6*q + 2*q - 4. Suppose -6*u - x*u + 9394 = 0. List the prime factors of u.
7, 61
What are the prime factors of (-3)/((-9)/46608)*129/258?
2, 971
Let y be ((-2)/(-4))/(9/108). What are the prime factors of (y - (-20421)/27) + 1/(-3)?
2, 3, 127
Let s(u) = -50 + 2*u - 37 + 73. Let m be s(9). Suppose 2*a - 319 = -3*b, m*b - 414 = -2*a + 5*a. List the prime factors of b.
3, 5, 7
Let h = -29904 + 48418. List the prime factors of h.
2, 9257
Let l(d) = -23*d**2 - 5*d**2 + d**3 - 28 + 2*d**2 + d**2. What are the prime factors of l(26)?
2, 3
Let f = -1442 - -547. List the prime factors of -19 - -14 - (f - 1) - -3.
2, 3, 149
Let l(n) = 2164*n - 319. List the prime factors of l(2).
19, 211
Let t be 6/3 - (-6 - (-2 - 1)). Suppose -5*q + 10*q = 3*u - 1892, 3174 = t*u + 2*q. What are the prime factors of u?
2, 317
Suppose -94165 = -5*d - 5*i, -d + i + 18824 = 5*i. List the prime factors of d/40 - (-3)/30.
3, 157
Let h(k) = 486*k - 491. List the prime factors of h(23).
10687
Suppose 8936823 = 215*h + 1869462 - 900969. List the prime factors of h.
2, 3, 29, 71
List the prime factors of 7287/12 + 141/188.
2, 19
Let y = 8 - -69. Suppose -78*n + 263 = -y*n. List the prime factors of n.
263
Suppose -q + 16 = 4*l, q = 5*q - 3*l - 7. Let z be (3/9)/((q/(-300))/(-1)). Let y = 40 - z. List the prime factors of y.
3, 5
Let q(d) = d**3 + 5*d**2 + 54*d - 44. List the prime factors of q(9).
2, 197
Let p(d) be the third derivative of d**5/4 - d**4/3 + d**3/3 + 22*d**2. Let k be p(7). Suppose -k + 253 = -4*i. What are the prime factors of i?
107
Let i = 1496 - -628. Let j = -1149 + i. Suppose -14*z + 19*z = j. List the prime factors of z.
3, 5, 13
List the prime factors of (4056/1690)/(4/10630).
2, 3, 1063
Suppose 111*y + 94939 - 449355 = 1252753. List the prime factors of y.
14479
Let i(f) = 116 + 9*f - 25 + 27. What are the prime factors of i(22)?
2, 79
Suppose 11363 = -4*s + 11367, 3*i + s - 32395 = 0. List the prime factors of i.
2, 5399
Let c(f) be the third derivative of -f**7/126 - 17*f**6/720 - 19*f**5/60 + f**2. Let g(l) be the third derivative of c(l). List the prime factors of g(-3).
103
Suppose s = 46 - 37. Let f(g) = s + 14 + 87*g - 26. What are the prime factors of f(1)?
2, 3, 7
Let n be (-15)/(-120) - (-78)/16. Suppose n*a - 175 + 1195 = 0. Let q = -126 - a. What are the prime factors of q?
2, 3, 13
Let n(i) = 12*i + 48. Let t be n(-4). Suppose t = -3*u - 15, -1241 = 14*y - 18*y + 5*u. What are the prime factors of y?
2, 19
Let r(m) = 240*m - 34. Let k be r(3). Let c = k + -402. What are the prime factors of c?
2, 71
List the prime factors of (23/(-2))/((-375)/1029750).
23, 1373
Suppose 0 = 96*j + 2*j + 3*j - 2123121. What are the prime factors of j?
3, 7, 11, 13
Let d = -451 - -493. Suppose -d*g - 8580 = -47*g. What are the prime factors of g?
2, 3, 11, 13
Let n(z) = -z**2 - 2*z + 4. Let s be n(-3). What are the prime factors of 115 - 20/(-5) - 2*s?
3, 13
Let x(c) = -c**3 - 19*c**2 + 21*c + 22. Let r be x(-20). Suppose 0*g - 3*z = 2*g - 265, -r*g = 4*z - 270. List the prime factors of g.
5
Let p = -7093 + 13187. What are the prime factors of p?
2, 11, 277
List the prime factors of 33702*((-3)/2)/((-54)/24).
2, 41, 137
Suppose -4*q = 4*n - 37768, 11*n - 5*q - 37777 = 7*n. What are the prime factors of n?
7, 19, 71
Let y be (-1684)/(-8) + (-1)/(-2). Suppose -6*n = -523 - 281. Let r = y - n. What are the prime factors of r?
7, 11
Let y(t) = t**2 - 23*t + 18. Let v be y(23). Suppose 2*w - v = -4*k, -20 = 3*w + 2*w - 3*k. Let h(s) = -38*s**3. What are the prime factors of h(w)?
2, 19
Let p(a) = 14*a**2 + 7*a - 58. Let q be p(-13). Suppose -w - t = 4*w - 3699, -3*w + q = 3*t. List the prime factors of w.
2, 5, 37
Let t = -293 - -654. Let p(b) = 24*b + 109. Let x be p(-15). Let d = x + t. What are the prime factors of d?
2, 5, 11
Suppose 651 - 653 = -y, y = -z + 27024. List the prime factors of z.
2, 59, 229
Let b = 36 - 4. Let r = 54